e factors of p?
2, 23
Let n be 2/(-4)*-6 - 17. Let k = 32 - n. What are the prime factors of k?
2, 23
Let y(n) = 2*n**2 - 31*n + 51. List the prime factors of y(21).
2, 3, 47
Suppose 70 = 3*q + j - 0*j, 4*q = -2*j + 96. Let v(w) = -w**3 + 18*w**2 + 4*w - 39. Let p be v(18). Let a = p - q. List the prime factors of a.
11
Let s(r) = r**2 - 2*r. Let x be s(2). Suppose x = -i - 5*f + 31, 15 = -3*i - 3*f + 48. Suppose v - i = 3. List the prime factors of v.
3
Let z be 2 - (-1)/((-2)/6). Let j(q) be the third derivative of -q**6/6 - q**4/24 - 9*q**2. List the prime factors of j(z).
3, 7
Let v(s) = -2 + 5*s + 6*s - 3*s. What are the prime factors of v(2)?
2, 7
Let o(z) = z**3 + 10*z**2 + 4*z - 5. Let g be o(-9). What are the prime factors of (-86)/(-8) + 10/g?
11
Let n = -2 - -4. Suppose -2*z + 0*g - n*g + 8 = 0, 0 = 5*g - 20. Suppose a + 2*a - 57 = z. What are the prime factors of a?
19
Let q(y) = -y**2 + 8*y - 5. Let z be q(7). Suppose i - 9 = -z*o - 2, -5*o + 1 = -3*i. List the prime factors of i.
3
Let j(c) = 4*c + 3. Let w be j(3). Suppose l = 2*z - w - 9, -l = z - 15. What are the prime factors of z?
13
Suppose 0*w + w = -83. Let h = w - -43. Let n = -23 - h. List the prime factors of n.
17
What are the prime factors of ((-52)/1*-2)/2?
2, 13
Let r(b) = b**3 + b - 1. Let v(c) = 7*c**3 + 6*c**2 + 10*c - 6. Let d(k) = -6*r(k) + v(k). List the prime factors of d(-5).
5
Suppose -5*s = -15, 5*s - 55 = -3*h - 2*h. List the prime factors of (-2)/(-1)*84/h.
3, 7
Let j = 131 - 69. List the prime factors of j.
2, 31
Let y(w) = w + 3. Let o be y(-3). Let z = 16 + -6. What are the prime factors of (o + -2)*(-25)/z?
5
Suppose -35 = -3*y + 4*y. Let k = y - -64. What are the prime factors of k?
29
Suppose 10*k = 12*k - 148. List the prime factors of k.
2, 37
Let m(q) = q + 61. List the prime factors of m(-11).
2, 5
Let y(z) = -2*z**2 - 16*z - 1. Let f be y(-8). What are the prime factors of f/(-2) + (-267)/(-6)?
3, 5
Suppose 430 - 115 = 3*t. Let c = -52 + t. Suppose 50 = 5*p + 5*s, -5*p + 2*s + c = -25. List the prime factors of p.
2, 7
Suppose 2*h - x = 43, 2*h + 3*x = 3*h - 29. Suppose -5*b + 4*t - 3*t = -h, -2*b - 2*t - 4 = 0. Let k = b + 4. What are the prime factors of k?
7
Let m be (8/(-6))/((-4)/(-54)). Let r be (880/(-4) - -1) + -3. What are the prime factors of 4/m + r/(-27)?
2
Suppose 6*x = x + 20, -5*h + 2*x + 107 = 0. Let d be h/3 - (-2)/6. Suppose f + d = 5*f. List the prime factors of f.
2
Let k(j) = -j - 5. Let y be k(4). What are the prime factors of 216/y*-1*1?
2, 3
Suppose -3*u + 8 = -1. Let q be (2 - 1)*(10 - -1). Let h = q - u. List the prime factors of h.
2
Let i be 2 + 1 - (2 - 32). What are the prime factors of (16/12)/(2/i)?
2, 11
Suppose 0 = -b + 5*b - 20. Suppose -d - y = -2*y - 17, 0 = b*d + 3*y - 45. List the prime factors of d.
2, 3
Let s(y) = 3*y + 9. Let h(x) = 1. Let i(v) = 6*h(v) - s(v). Let d = -10 - -6. What are the prime factors of i(d)?
3
Suppose -q + 5 = -0. Let s be (-308)/(-12) + 1/3. Suppose q*i - 2*r = 2*i + 21, -4*i = -2*r - s. What are the prime factors of i?
5
List the prime factors of 967/3 - (-1)/(-3).
2, 7, 23
Let o(c) = 4*c + 12. What are the prime factors of o(6)?
2, 3
Suppose -5*u - t = 0, -3*u + 4*u + t - 4 = 0. Let o be 2/1*(-3 - u). List the prime factors of (1 + -3)*10/o.
5
Let d = 304 - 182. List the prime factors of d.
2, 61
Suppose -2*t = 2*t - v - 84, 3*t = -v + 56. List the prime factors of t.
2, 5
Let j(a) = -a**3 - a - 15. Let q = -5 + 5. Let m be j(q). What are the prime factors of m/(-6)*4/2?
5
Suppose 2*f - 18 = -0*f. Let a be f/(-27) - (-184)/3. Let u = -41 + a. What are the prime factors of u?
2, 5
Let f(t) = t**2 + 3*t - 5. Let n be f(-8). Let a = -23 + n. What are the prime factors of a?
2, 3
Let m(u) = 6 - 2*u**2 + 3*u + 0*u + 3*u**2. Let n be m(-5). Let z = n + -7. List the prime factors of z.
3
What are the prime factors of (1/(-2))/((-6)/504)?
2, 3, 7
Let x be (3/(-6))/(3/(-60)). Let v = 17 - x. What are the prime factors of v?
7
Let l = 13 - -1. Let j = -8 + l. What are the prime factors of (j/(-18))/((-2)/12)?
2
Let q = 123 - 82. List the prime factors of q.
41
Let q(v) = -v**3 - 5*v**2 + 4*v - 2. Let j be q(-6). Let g be ((-345)/(-30))/(1/2). Let k = g - j. What are the prime factors of k?
13
Let q(p) = -p**2 + 5*p - 2. Suppose 1 - 4 = -y. Let z be q(y). Suppose -13 = -z*k + 3, -2*t = 2*k - 28. List the prime factors of t.
2, 5
Suppose -q + 5*c = -249, -q - c = c - 284. What are the prime factors of q?
2, 137
Let s(z) = 130*z - 3. What are the prime factors of s(1)?
127
Let j = -7 + 7. What are the prime factors of 2 + 1*(j + 3)?
5
Suppose 2*x + 9 = 3*g + 3, -3*g + x = -3. Suppose 0 = 5*t - 5*h + 3*h - 84, g = -4*t + 4*h + 72. Let a = t + -5. What are the prime factors of a?
11
Let f = -50 - -59. What are the prime factors of f?
3
List the prime factors of (-6 - -3)*22/(-3).
2, 11
Let g(s) be the first derivative of s**3/2 - 4*s**2 + 2*s - 2. Let a(h) be the first derivative of g(h). What are the prime factors of a(6)?
2, 5
Suppose 2*l - 4*v - 72 = 0, 0 = -5*l + v + 87 + 93. What are the prime factors of l?
2, 3
Let j = 86 - 158. List the prime factors of 2/3*j/(-2).
2, 3
Suppose k = -2*k + 15. Suppose -32 = -k*n + 3*n. What are the prime factors of n?
2
Suppose 2*j - 7 - 11 = 0. List the prime factors of j.
3
Let h be 2/(-3) - 98/(-21). Let u be ((-2)/2)/(h/(-12)). Suppose -k + u = -8. What are the prime factors of k?
11
Let h(w) = 3*w**2 + 6*w - 2. Suppose -3*y = -8*y - 25. What are the prime factors of h(y)?
43
Suppose 4*r = -4*r + 256. List the prime factors of r.
2
Suppose -5*f - 12 = -3*s - f, f + 3 = 2*s. Let w(i) = -i**2 + 3*i - 2. Let y be w(2). Suppose y = -4*v - s*v + 44. What are the prime factors of v?
11
Suppose 2*d + 1 = 17. Let s = 13 - d. What are the prime factors of s?
5
Let p = -9 - -6. Let o(c) = 2*c**2 - c + 1. What are the prime factors of o(p)?
2, 11
Suppose -3*b + 5*b = 4. Let m be (-16)/(-12)*45/2. Suppose 0 = b*i - m + 8. What are the prime factors of i?
11
Let h(j) = -5*j**3 + j**2 + j - 3. Let o(u) = u**3 - u**2. Let w(v) = -h(v) - 4*o(v). What are the prime factors of w(-3)?
2, 3
Suppose 2*d = 3*d - 5. Suppose 0 = -3*w + 3*g + 162, 222 = 4*w + d*g + 33. What are the prime factors of w?
3, 17
Let d = 2 + -4. List the prime factors of (1 - 1) + d + 19.
17
Suppose 0*v = 2*v - 6. List the prime factors of v.
3
What are the prime factors of 554*3*1/12*2?
277
List the prime factors of (0 + 8/10)/(66/20295).
2, 3, 41
Let k(q) = q**2 - 5*q - 10. Let s be k(7). List the prime factors of ((-40)/(-6))/(s/12).
2, 5
Suppose 176 = g + 4*c - 142, 0 = 3*g + 2*c - 904. List the prime factors of g.
2, 149
Suppose -3*w + 7*w - 16 = 0. Suppose 92 = w*j - 2*a, 0 = 3*j - 0*j - 4*a - 74. What are the prime factors of j?
2, 11
Suppose 9*w - 7*w - 58 = 0. List the prime factors of w.
29
Let m = -4 - -2. Suppose 4*d = 2*v, 0*d - 16 = -3*v - 2*d. List the prime factors of (-20 - -2)*m/v.
3
Let x = -5 - 0. Let o(y) = y**2 + 2*y - 7. List the prime factors of o(x).
2
Suppose -4*b = -7*g + 11*g - 168, 129 = 3*b + 2*g. List the prime factors of b.
3, 5
Let p(g) = g**2 - 9*g + 12. Let w be p(7). What are the prime factors of 49 - (-4 + 5 - w)?
2, 23
Let i = -5 + 7. Let b = i + 0. Suppose 7 = b*p - 1. List the prime factors of p.
2
Let s = 2 + 3. Suppose -7*r + 2*r + 4*a + 133 = 0, -4*r - a + 98 = 0. Suppose 0*o + 3*o + c = 47, -o + r = s*c. List the prime factors of o.
3, 5
Suppose 1 = -2*x + 3. Suppose -5*f - 119 = x. Let g = f + 40. List the prime factors of g.
2
Suppose 0 = -4*g + 5*g - 12. Let l = 4 - 1. Suppose 0 = l*a - 6, -a = -5*h - g + 35. List the prime factors of h.
5
Let z = 15 - -106. List the prime factors of z.
11
Let l be 3 + 46 + 3 - -4. Suppose 0 = -4*k + 8*k - l. What are the prime factors of k?
2, 7
Suppose -3*g = 4*q - 536, 0 = -5*q - 5*g + 9*g + 670. List the prime factors of q.
2, 67
Let j(r) = r**2 + 5*r - 1. List the prime factors of j(-8).
23
Let w(l) = -l**3 + 10*l**2 + 10*l - 14. What are the prime factors of w(10)?
2, 43
Suppose -q + h - 7 + 4 = 0, 0 = -4*h + 8. List the prime factors of (-14)/(-7) + (28 - q).
31
Let f = -10 + 43. List the prime factors of f.
3, 11
Suppose -7*x = -2*x - 10. What are the prime factors of (x + -3)/(4/(-196))?
7
Let f(b) = 